 -i*p - 3*c + 5*c = -1472. List the prime factors of p.
2, 3, 41
Let j = 2685 - -842. What are the prime factors of j?
3527
Let t = 4946 + -4820. List the prime factors of t.
2, 3, 7
Suppose -4*o - l + 7 = 27, -o = -4*l + 22. Let b be (36/o)/((-1)/102). Suppose b = 14*d - 3238. List the prime factors of d.
5, 11
Let r be ((-26)/6 + (-14 - -20))*3. Suppose r*i + v = 6600, 2*i - 5*i + 3978 = -3*v. List the prime factors of i.
1321
Let y(l) = -1876*l - 3433. List the prime factors of y(-34).
3, 20117
Let z be (3 + 0 + -3)*4/12. Suppose 0 = -5*q + 50 - z. List the prime factors of 214 + (9 - q/2).
2, 109
Suppose 0 = -2*g - 5*j - 136, -14 - 124 = 2*g + 4*j. Let o(r) = -r**2 - 8*r + 52. Let n be o(5). Let i = n - g. List the prime factors of i.
2, 3, 5
List the prime factors of 10630 - 115/((-40)/(-8)).
10607
Let j = 36 - -48. Let q = -103 - j. Let y = q - -264. What are the prime factors of y?
7, 11
Suppose 164*h + 29884 = 330*h - 164*h. What are the prime factors of h?
2, 31, 241
What are the prime factors of ((4 + 1 - -3) + -30)*-217?
2, 7, 11, 31
Let x be 10/3*24/(-20). Let z be 1*((-2)/(-4))/(x/8). List the prime factors of 68 + z + 6 - 3*1.
2, 5, 7
List the prime factors of 24/((-12)/181*18/(-72)).
2, 181
Let b = -8563 - -15696. Suppose -b = -8*u - 813. List the prime factors of u.
2, 5, 79
Suppose -z - 101*u = -100*u - 919, -4*z - 3*u + 3681 = 0. Suppose 365 = f - 2*b - 587, -f = 5*b - z. What are the prime factors of f?
2, 59
Let k be (-1 + -1)*(-88)/16. Suppose -4*q = -7*q - 2*q. Suppose -l = -q*l - k. What are the prime factors of l?
11
Let z(i) = -i**2 + 13*i + 34. Suppose 11*t = 18*t - 105. Let s be z(t). Suppose -296 = -s*j + 44. What are the prime factors of j?
5, 17
Let g = -527 - -531. What are the prime factors of (-2)/11 - (56378/(-77) - g)?
2, 23
Let a = -32493 + 42428. What are the prime factors of a?
5, 1987
Suppose 6*r = 17 - 59, -4*q + 3*r = -92509. What are the prime factors of q?
2, 11, 1051
Let p(u) = 104*u - 16. Let x(d) = -105*d + 17. Let o(g) = -2*p(g) - 3*x(g). What are the prime factors of o(3)?
2, 151
Suppose -243086 + 558515 = 110*m - 382741. List the prime factors of m.
11, 577
Let r(a) = 19*a**2 + 5*a - 5*a - 10 - 4*a. Let s be r(-4). Suppose 5*q = -5*d + 520, d - 5*d + s = 3*q. List the prime factors of q.
2, 53
Let u be 0 + 8 + -3 + 106. Let v = -110 + u. What are the prime factors of v/(3 - (-614)/(-205))?
5, 41
Let z be 72/7 + (-1)/(-7)*-2. Let h(a) = -8 + 23 + z - 149*a + 140*a. What are the prime factors of h(-16)?
13
Let c = 191 + -186. What are the prime factors of (-2)/(-5) + 1723/c?
3, 5, 23
Suppose 52*t - 13606 = 637798. What are the prime factors of t?
12527
Let h = 122 + 206. Suppose 12*j = 14*j + h. List the prime factors of 1*j/8*-6.
3, 41
Let o = 35520 + -22757. List the prime factors of o.
12763
Suppose -4*d - 2*y + 25336 = 0, 0 = d - 21*y + 19*y - 6324. List the prime factors of d.
2, 1583
Suppose 10 = -6*j + 11*j. Suppose 3*w = j*o - 48 - 107, 2*o = -2*w + 150. Suppose 2*v - o = 34. List the prime factors of v.
5, 11
Let f = 70060 + -36811. What are the prime factors of f?
3, 11083
Suppose 4*i = -8, -3*o - 2*o - 5*i = 0. Let d be 3/(-1 + -2)*o*6. What are the prime factors of d/4 + 2 - -22?
3, 7
Suppose -5 + 5 = 6*g. Suppose g = 6*q + 4481 - 899. Let t = -408 - q. List the prime factors of t.
3, 7
Let i(w) = -859*w**3 - 2*w**2 + 8. List the prime factors of i(-2).
2, 859
Suppose 3*d - 4641 = 9*b - 12*b, -3*d - 7735 = -5*b. What are the prime factors of b?
7, 13, 17
What are the prime factors of (-70)/14 + (90186/10 - (-10)/25)?
2, 4507
Let u(m) = 4*m - 390. Let w be u(13). What are the prime factors of 15/45 + 48/(-9) - w?
3, 37
Let r(j) = 5*j**3 - 1. Let c be r(1). Let o be (c/3)/((-84)/(-189)). Suppose o*i = -2*i + 320. What are the prime factors of i?
2
Let q = 904 + -322. Let m = 2249 - q. Suppose 0 = -14*s + m + 223. List the prime factors of s.
3, 5
Let h be 4 - 2 - (3 - 4). Let j(o) = -5*o - 28. Let p be j(-6). Suppose -393 = -h*y - 3*m, -p*y = -m - 0*m - 277. List the prime factors of y.
2, 17
Let c(z) = -z**3 + 16*z**2 + 4*z - 30. Let n be c(16). Let a = -34 + n. Suppose a = 19*g - 18*g - 7. List the prime factors of g.
7
Let r(c) = 13*c**2 + 38*c + 1. Let l be r(-3). List the prime factors of (-5648)/(-18) - l/(-18).
2, 157
Let d(p) = -p**3 + p**2 - p - 1. Let m(s) = s**3 + 7*s**2 - 8*s + 9. Let h(n) = 2*d(n) + m(n). Let u be h(8). List the prime factors of 6/u + 2004/9.
2, 3, 37
Suppose 71*r - 4676015 = -44*r. What are the prime factors of r?
73, 557
Let w(c) = c - 6. Let s be w(25). Suppose -d = -3*p - s, -d + 4*d = -4*p - 21. Let o(a) = 4*a**2 + 8*a + 6. What are the prime factors of o(p)?
2, 3, 17
Let n(s) = -3*s**2 - 28*s + 23. Let w be n(-10). List the prime factors of 633 - (w - (-5)/(-5)*1).
631
Let m be (-206)/1*(-1)/(0 + 1). Let t(l) = l - 4. Let y be t(7). Suppose -154 - m = -y*u. What are the prime factors of u?
2, 3, 5
Let x = 43 - 42. Let o be (-212)/(-16) + x/(-4). Let r = 89 - o. What are the prime factors of r?
2, 19
Suppose 127950 + 398116 = 23*v - 12134. List the prime factors of v.
2, 3, 5, 13
Suppose 0 = -c - 3*n + 359, -3*c - 8*n = -5*n - 1053. Let g = c - 282. List the prime factors of g.
5, 13
Suppose 0 = p - 2*n - 6669, 27*n - 24*n - 13317 = -2*p. List the prime factors of p.
3, 2221
Let r(j) = 3*j**2 + j + 2. Let f(z) = z**3 + 7*z**2 - 9*z - 11. Let v be f(-8). Let w be r(v). Suppose -w*u + 249 = -23*u. List the prime factors of u.
83
Let u = -322 + 324. Suppose -3*x + 822 = -u*x - 5*c, -2*x = 3*c - 1579. What are the prime factors of x?
797
Suppose 4*n - 1785 = -5*r, 4*r - 2*n - 1404 = 50. Suppose 4*v = -20, -v + 81 + r = w. What are the prime factors of w?
3, 149
Let o(k) = -5*k**3 - 8*k**2 + k + 7. Let r be o(-6). Suppose 447 = 4*s - r. Suppose -5*p - 4*g = -s, -4*p + p - g + 193 = 0. List the prime factors of p.
2, 3, 11
Let r = 30145 - 14489. What are the prime factors of r?
2, 19, 103
Let n be (15/(-18))/(6/(-36)). Suppose -12 + 43 = k + 4*f, 0 = k - n*f + 14. List the prime factors of 4*k*(4 + -3).
2, 11
Let u = 694 - 419. Suppose -i - 242 = -u. What are the prime factors of i?
3, 11
Suppose -4*g + 119 = -3*r, -g - 32 = -2*g + 3*r. Suppose -3*y + 397 = -g. Suppose y = -3*c + 394. List the prime factors of c.
2, 3, 7
Let z(o) = 4*o**3 - 16*o**2 - 6*o + 8. Let a be z(7). Suppose -3*y = 25*x - 26*x - 848, -a = -2*y - 5*x. List the prime factors of y.
2, 3, 47
Let s(f) = -3*f**2 - 25*f - 117. Let o be s(-21). What are the prime factors of (-4 - 16/(-3))*o/(-10)?
2, 61
List the prime factors of (4/5)/((-58)/435) + 11418.
2, 3, 317
Let s be (-8)/(-3) + (-2 - 21/(-9)). Suppose s*x = 8*x - 1025. List the prime factors of x.
5, 41
List the prime factors of (-17)/((-1 + (-346)/(-348))/((-63)/(-18))).
3, 7, 17, 29
Let r(q) = 233*q**2 - 74*q - 358. List the prime factors of r(-5).
13, 449
Suppose -62*k = -61*k + 11. Let t = k + 41. Let r = 26 + t. What are the prime factors of r?
2, 7
Suppose 9048 = -18*q + 12*q. Let d = q + 2213. What are the prime factors of d?
3, 5, 47
Suppose -4*c - j + 18258 = 0, -6883 = -3*c - 3*j + 6806. List the prime factors of c.
5, 11, 83
Let a(c) = -c + 3. Let h be a(-4). Let d = -2830 + 2829. What are the prime factors of d/h - (-4472)/91?
7
Let u = 131 + -17. Suppose -v = v - u. Let k = v - 22. List the prime factors of k.
5, 7
Let v = -999 - -959. List the prime factors of ((-14)/(-35)*v)/(1/(-2)).
2
Let p(z) = z**2 - z + 3. Let x be p(0). Suppose -3*i = -b - 33, -4*i + x*i + 11 = 2*b. Suppose -i = -3*c + 46. What are the prime factors of c?
19
Let i(m) = m**2 + 17*m - 15. Let k be i(-18). Suppose -2*v + 55 = k*g, 2*g + 3*v = 6*g - 62. Suppose 19*r = g*r + 60. What are the prime factors of r?
2, 3, 5
Suppose -5*b + 65437 = 2*t, -7 = -31*b + 30*b. List the prime factors of t.
53, 617
Let i be (30/10 - (206 + -1))*-1. Suppose 6*t - 860 - i = 0. Suppose -10*q - t = -1607. List the prime factors of q.
11, 13
Suppose -21497 - 29078 = -30*n + 63125. What are the prime factors of n?
2, 5, 379
Let i be 2 + 32/(-14) + (-200)/(-14). List the prime factors of 1*i/63 + 1789/9.
199
Let m = 617 + -590. Let d(x) = 66*x - 100. What are the prime factors of d(m)?
2, 29
Let a be (2 - (-19)/(-7))*(-11 + 4). Suppose x = y + a*x - 736, x = 0. List th